o - 1. Let x be h(2). Suppose 0 = -5*y + 5*r + 2605, y - 5*r - x = -2*r. Is y prime?
False
Let z = 27 - 24. Suppose 0 = -z*d - 2*t + 5123, -4*t = -3*d - t + 5148. Is d a composite number?
True
Let h = 139 - 7. Let a = h - -73. Is a a composite number?
True
Suppose 2*i - 7*i + 10 = 0. Let s be i/(-3 - -5) + 5. Is s/(-1 - 45/(-39)) a prime number?
False
Let p(x) = 10 + 4*x**2 - 2*x**2 + 32 - 10. Is p(15) a composite number?
True
Let u = -921 - -1762. Is u composite?
True
Suppose 3*z + 9 = -12. Let f(v) = -180*v - 5. Let p be f(z). Suppose 0 = -c - 4*c + p. Is c a prime number?
True
Let v(n) = -5*n**3 + 9*n**2 + 6*n + 9. Let g(m) = 14*m**3 - 27*m**2 - 18*m - 26. Let z(f) = 6*g(f) + 17*v(f). Let i be z(-6). Is (-92)/10*i/30 composite?
False
Suppose -2*x - 4*x - 318 = 0. Let v = x - -432. Is v a composite number?
False
Let i = 18 + -35. Let t = -9 - i. Is t/(-28) - 1465/(-7) composite?
True
Let a(d) = -d**3 - 6*d**2 - 4*d + 4. Let r be a(-4). Let c(b) = 2*b**2 + 20*b + 3. Is c(r) prime?
False
Suppose 9*w = 4*w + 10. Suppose -2*q + 4*m = 2*m - 6, q + 4*m = -w. Suppose 4*a + 322 = q*z, 2*z - 3*z = 2*a - 173. Is z a prime number?
True
Let a = 10 + -14. Let u = a + 2. Is (-7 - -5)*109/u prime?
True
Let r = -6 - 0. Let f be 4*(-3)/r + -2. Suppose -y = f, q - 149 = -y - y. Is q prime?
True
Let t be (10/15)/((-2)/(-24)). Let x be t/6*135/10. Is (-3)/x - (-3518)/12 composite?
False
Is (-9)/((-81)/47340) + 1 composite?
False
Let q(z) = 21*z**2 - 7*z + 2. Let w be q(5). Let r = -245 + w. Suppose 182 = 2*d + h, -3*d + r = -0*d - 5*h. Is d composite?
False
Is (-12)/84 + (-48)/7 + 31958 composite?
True
Is -2*(-3)/(-3) + (1 - -18372) composite?
False
Suppose 2*q - 697 - 769 = 0. Suppose -4*g = -623 - q. Is g a prime number?
False
Let j be -3*(80/(-3))/(-2). Let w = j - -7. Let g = w + 160. Is g composite?
False
Let n = 35 + -33. Let o(p) be the first derivative of 277*p**3/3 + p**2 - p + 1. Is o(n) a composite number?
True
Let j(k) = 2*k**3 + 8*k**2 + k - 1. Let z(i) = 3*i**3 + 15*i**2 + i - 3. Let w(p) = -7*j(p) + 4*z(p). Is w(-7) a composite number?
True
Suppose 3 = -4*j - 1, -5*j = w + 50. Is w/15 + (-1)/(2/(-4972)) a composite number?
True
Let c(g) = -7*g - 6. Let t(k) = 15*k + 11. Let n be (-122)/(-18) - (-18)/81. Let b(m) = n*c(m) + 4*t(m). Is b(4) prime?
False
Let w(f) = -661*f**2 - f. Let o be w(-1). Let j = 709 - o. Is j prime?
False
Let f = 2182 - 274. Suppose -3*v - f = v. Let x = -184 - v. Is x a prime number?
True
Let y = -4 - -17. Is (-7461)/(-4) - y/52 composite?
True
Let q be -1*3 + 18 + -16 + 2204. Suppose 2*u - 3*u = -q. Is u composite?
False
Let s = -63 + 69. Suppose -s*u + 4*u + 1106 = 0. Is u a prime number?
False
Let v(z) = -z**2 + 5*z - 4. Let f be v(4). Let k(d) = -3 + 1 - 5 + f - 102*d. Is k(-5) a composite number?
False
Let q(v) = 15*v + 23. Let i(z) be the first derivative of z**2/2 + z - 2. Let o(c) = 6*i(c) - q(c). Is o(-8) prime?
False
Suppose -4 = -2*y - 0. Let b be (0 - 4) + (2 - -49). Suppose -y*l + 153 - b = 0. Is l composite?
False
Let g be 6/4 + 2/(-4). Let t be 2 - (g + 3) - -4. Suppose 5*j + 5*i = 330, -4*i + 131 = t*j - i. Is j a composite number?
False
Let b(t) = -2*t**2 + 13*t - 6. Let c be b(6). Suppose -14*m + 9*m + 1525 = c. Is m prime?
False
Suppose 78*y = 80*y - 592. Let d = y + -147. Is d composite?
False
Suppose -4*r - 3*s = -8*r + 139, 0 = r - 3*s - 37. Let u = r + 257. Is u composite?
True
Let u = -28592 + 51841. Is u a composite number?
True
Suppose -7132 + 802 = -30*d. Is d prime?
True
Suppose -37907 = -4*n + 3*q - 10969, n - 5*q - 6743 = 0. Is n prime?
True
Is 1650080/128 + 2/(-8) a composite number?
True
Let b be -3 + (10 - (-2 - -2)). Suppose 28 = b*o - 3*o. Suppose k - o = 3. Is k composite?
True
Is (19 - 25) + 0 + 8269 a prime number?
True
Let n(k) = 12*k**3 + 5*k**2 - 2*k. Let p be n(2). Suppose 3*m - 124 = -a, 0 = -2*a + 5*m + 147 + p. Is a prime?
True
Suppose 0 = -2*u - u + 66. Let s = -16 + u. Suppose -s*b + 2*b = -92. Is b a prime number?
True
Let j be (-2 + (-10)/(-4))*(-3 + 5). Is j*((-9066)/(-10) + (-2)/(-5)) prime?
True
Let f(m) = -5*m - 1. Suppose 5*w + 4 = 4*g - 26, 4*w + 3 = -g. Suppose -2*u = -5*o - 60, 2*o - 2*u - 20 = g*o. Is f(o) prime?
False
Is 3394 - (1 - (4 + -8)) a composite number?
False
Suppose -25 = 5*k, 8179 - 1463 = a + 3*k. Is a composite?
True
Suppose 2*z - 62 = -12. Suppose -j + 33 = 4*k, 0 = k + 5*j - z - 7. Let w(h) = h**2 - 14. Is w(k) a prime number?
False
Suppose -130*d - 7494 = -136*d. Is d a composite number?
False
Let f = 365 - 159. Let w be 1*(-81)/18*116/6. Let i = f + w. Is i a composite number?
True
Let z be ((-20)/15)/(2/(-3)). Let b be (1 - z - -2)*49. Let v = b - 27. Is v prime?
False
Suppose 5 = -p + v - 2, 0 = 5*v. Let q = p - -7. Suppose 291 = 5*b - q*b + 2*f, 2*f = 4*b - 240. Is b composite?
False
Let k = -26 + 59. Suppose 0 = -3*f + 3*q + k, -q + 5 = -2*q. Let z(v) = 2*v**3 - 8*v**2 - 5*v + 5. Is z(f) a prime number?
False
Suppose -18 = -2*c - a, -2*a + 9 = 1. Let b(u) = 4*u**2 - 9*u - 10. Is b(c) a prime number?
False
Suppose 20 = 5*d + 5*d. Suppose d*r + 2174 = 4*r. Is r prime?
True
Suppose 0 = -7*t + 8*t - 2767. Let r = -1448 + t. Is r a prime number?
True
Is ((-3)/1)/6*(2 - 7396) a prime number?
True
Let z(m) = -m**3 + 7*m**2 + 2*m - 14. Let b be z(7). Suppose 9*i - 4*i + 4*u - 3379 = b, 0 = i - 4*u - 695. Is i a prime number?
False
Suppose 0 = 7*s - 2*s - 20. Let r(d) = -6*d**3 + d + d + s*d**2 + 0*d - 2. Is r(-2) a prime number?
False
Let b(g) be the second derivative of g**4/3 + 7*g**3/6 - 7*g**2/2 - 9*g. Is b(4) a prime number?
False
Let v = 237 + -157. Suppose -v = -2*y + 318. Is y a prime number?
True
Let s be 1 + (-9)/7 - (-590)/7. Let m = -38 + s. Is m a composite number?
True
Suppose 0*d - 12342 = -6*d. Suppose v - 2*o - 417 = -4*o, 3*o = -5*v + d. Is v a prime number?
True
Let n(z) = -z**2 + 2*z + 2. Let g be n(2). Suppose -g*w = 12*w - 742. Is w prime?
True
Let u(f) = 1749*f**2 + 7*f - 6. Let a(t) = 1750*t**2 + 8*t - 7. Let s(n) = -3*a(n) + 4*u(n). Is s(1) a prime number?
True
Suppose 8*b = 10*b. Suppose b = -3*v + 6*g - 2*g + 25, 0 = 2*v - 5*g - 12. Suppose 14*o - 489 = v*o. Is o a composite number?
False
Let z be 2/(-8)*-1 - (-5509)/28. Let v = -118 + z. Is v prime?
True
Let h be ((-12)/8 + 2)*0. Suppose 9397 = 4*n - 3*g, 2*n - 3*n - 4*g + 2373 = h. Is n prime?
False
Let s(x) = -199*x - 118. Is s(-3) prime?
True
Suppose -24*j + 21147 = 33*j. Is j prime?
False
Suppose 0 = r + 16 + 2. Let d = r + 22. Suppose d*u + x - 519 = 0, -2*u - 4*x = x - 273. Is u a composite number?
True
Suppose 3*i = -5*y - 24 - 17, i + 17 = -2*y. Let v = y - -13. Suppose 6*z = 5*z + v, 3*r - 282 = -3*z. Is r a prime number?
False
Let b(t) = 14 - 1081*t**3 + 1084*t**3 + 13*t**2 + 6*t - 2*t. Is b(6) a prime number?
False
Suppose 41*y = 44*y - 6018. Is (-30)/20*y/(-3) a composite number?
True
Suppose a + 0*t + 5*t = 25349, -3*a + 3*t + 75975 = 0. Is a a composite number?
True
Let x = 3825 + -2464. Is x a prime number?
True
Suppose 223947 = 5*k + 4*c, 2*k - 6*k = -6*c - 179176. Is k prime?
False
Let l = 32 + -25. Suppose u = 5*h - 167, -h = 2*u + l - 47. Is h prime?
False
Let a = 336 - -2933. Is a composite?
True
Suppose 0 = -5*u + 12 + 13. Let g(n) = 8*n**2 - 2*n + 1. Is g(u) a prime number?
True
Let w be (-38)/(-5) - 18/(-45). Suppose 0 = w*k - 4*k - 40. Is k composite?
True
Let p be 284*(0 - (-12)/16). Let k = 34 + p. Is k a prime number?
False
Let y(a) = 15*a**2 + 10*a + 4. Let l be y(-7). Let i = l + -335. Is i composite?
True
Suppose -k = -3*p + 12, 3*k + 21 = p + 3*p. Is 2/p - (-15342)/18 composite?
False
Let g(w) = -w**3 - 7*w**2 + 2*w + 7. Let b(d) = -3*d**2 + 1. Suppose -5*u - 30 = -4*o, -2*u - 2*o = 3*u. Let h be b(u). Is g(h) a composite number?
True
Let k(u) = 18*u**2 - 16*u + 18. Is k(10) a prime number?
False
Let q(c) = 5*c + 4. Let b be q(1). Suppose 0 = b*g + 2*g - 1639. Is g prime?
True
Let w be 12120/(-35) + (-2)/(-7). Let g = w - -185. Let r = g + 372. Is r prime?
True
Let w = -20 + 25. Suppose 0 = -4*g - w*g + 1845. Is g composite?
True
Let u = 54 - 30. Suppose -19*y - 175 = -u*y. Is y a prime number?
False
Suppose -4*h + 12818 = -2*r, -4*r = -5 + 17. Is h a prime number?
True
Let q(g) = 3*g**2 + 2*g - 1. Let c be q(1). Suppose 4*m = 16 - c. Suppo